{"id":1004,"date":"2021-06-30T15:20:44","date_gmt":"2021-06-30T12:20:44","guid":{"rendered":"https:\/\/www.zakumuizaspamatskola.lv\/pirmsskola\/?page_id=1004"},"modified":"2026-03-09T21:12:03","modified_gmt":"2026-03-09T21:12:03","slug":"interesu-izglitiba","status":"publish","type":"page","link":"https:\/\/www.zakumuizaspamatskola.lv\/pirmsskola\/par-skolu\/interesu-izglitiba\/","title":{"rendered":"Intere\u0161u izgl\u012bt\u012bba"},"content":{"rendered":"","protected":false},"excerpt":{"rendered":"","protected":false},"author":1,"featured_media":0,"parent":140,"menu_order":8,"comment_status":"closed","ping_status":"closed","template":"","meta":{"_acf_changed":false,"footnotes":""},"class_list":["post-1004","page","type-page","status-publish","hentry"],"acf":[],"_links":{"self":[{"href":"https:\/\/www.zakumuizaspamatskola.lv\/pirmsskola\/wp-json\/wp\/v2\/pages\/1004","targetHints":{"allow":["GET"]}}],"collection":[{"href":"https:\/\/www.zakumuizaspamatskola.lv\/pirmsskola\/wp-json\/wp\/v2\/pages"}],"about":[{"href":"https:\/\/www.zakumuizaspamatskola.lv\/pirmsskola\/wp-json\/wp\/v2\/types\/page"}],"author":[{"embeddable":true,"href":"https:\/\/www.zakumuizaspamatskola.lv\/pirmsskola\/wp-json\/wp\/v2\/users\/1"}],"replies":[{"embeddable":true,"href":"https:\/\/www.zakumuizaspamatskola.lv\/pirmsskola\/wp-json\/wp\/v2\/comments?post=1004"}],"version-history":[{"count":8,"href":"https:\/\/www.zakumuizaspamatskola.lv\/pirmsskola\/wp-json\/wp\/v2\/pages\/1004\/revisions"}],"predecessor-version":[{"id":2176,"href":"https:\/\/www.zakumuizaspamatskola.lv\/pirmsskola\/wp-json\/wp\/v2\/pages\/1004\/revisions\/2176"}],"up":[{"embeddable":true,"href":"https:\/\/www.zakumuizaspamatskola.lv\/pirmsskola\/wp-json\/wp\/v2\/pages\/140"}],"wp:attachment":[{"href":"https:\/\/www.zakumuizaspamatskola.lv\/pirmsskola\/wp-json\/wp\/v2\/media?parent=1004"}],"curies":[{"name":"wp","href":"https:\/\/api.w.org\/{rel}","templated":true}]}}